emainder when 41 is divided by 29?
12
Calculate the remainder when 550 is divided by 251.
48
Calculate the remainder when 170 is divided by 66.
38
Calculate the remainder when 118 is divided by 50.
18
Calculate the remainder when 308 is divided by 99.
11
Calculate the remainder when 2145 is divided by 19.
17
Calculate the remainder when 4344 is divided by 68.
60
Calculate the remainder when 455 is divided by 92.
87
Calculate the remainder when 51 is divided by 25.
1
What is the remainder when 163 is divided by 17?
10
What is the remainder when 16688 is divided by 107?
103
What is the remainder when 4858 is divided by 34?
30
Calculate the remainder when 854 is divided by 425.
4
Calculate the remainder when 60 is divided by 22.
16
What is the remainder when 732 is divided by 123?
117
Calculate the remainder when 152 is divided by 94.
58
What is the remainder when 56 is divided by 16?
8
What is the remainder when 1039 is divided by 16?
15
What is the remainder when 68 is divided by 7?
5
Calculate the remainder when 625 is divided by 57.
55
Calculate the remainder when 34 is divided by 18.
16
What is the remainder when 188 is divided by 19?
17
What is the remainder when 6659 is divided by 90?
89
What is the remainder when 104 is divided by 38?
28
What is the remainder when 58 is divided by 8?
2
Calculate the remainder when 98 is divided by 11.
10
What is the remainder when 270 is divided by 192?
78
Calculate the remainder when 78 is divided by 20.
18
Calculate the remainder when 168 is divided by 59.
50
What is the remainder when 1236 is divided by 156?
144
Calculate the remainder when 560 is divided by 201.
158
What is the remainder when 4369 is divided by 93?
91
What is the remainder when 233 is divided by 76?
5
Calculate the remainder when 434 is divided by 8.
2
Calculate the remainder when 1129 is divided by 150.
79
Calculate the remainder when 809 is divided by 58.
55
What is the remainder when 150 is divided by 89?
61
Calculate the remainder when 1457 is divided by 2.
1
What is the remainder when 867 is divided by 4?
3
What is the remainder when 47 is divided by 3?
2
Calculate the remainder when 80 is divided by 29.
22
What is the remainder when 268 is divided by 18?
16
Calculate the remainder when 384 is divided by 78.
72
Calculate the remainder when 2699 is divided by 50.
49
Calculate the remainder when 227 is divided by 226.
1
Calculate the remainder when 86 is divided by 10.
6
Calculate the remainder when 1479 is divided by 1442.
37
What is the remainder when 321 is divided by 18?
15
Calculate the remainder when 1830 is divided by 47.
44
What is the remainder when 7126 is divided by 87?
79
Calculate the remainder when 127 is divided by 35.
22
What is the remainder when 225 is divided by 42?
15
What is the remainder when 1923 is divided by 13?
12
What is the remainder when 139 is divided by 60?
19
What is the remainder when 476 is divided by 70?
56
What is the remainder when 68 is divided by 18?
14
What is the remainder when 465 is divided by 2?
1
What is the remainder when 262 is divided by 24?
22
Calculate the remainder when 346 is divided by 35.
31
What is the remainder when 250 is divided by 3?
1
Calculate the remainder when 181 is divided by 28.
13
What is the remainder when 557 is divided by 71?
60
Calculate the remainder when 2494 is divided by 17.
12
Calculate the remainder when 863 is divided by 230.
173
What is the remainder when 948 is divided by 13?
12
Calculate the remainder when 141 is divided by 4.
1
Calculate the remainder when 689 is divided by 115.
114
Calculate the remainder when 579 is divided by 26.
7
Calculate the remainder when 2260 is divided by 151.
146
Calculate the remainder when 543 is divided by 13.
10
Calculate the remainder when 502 is divided by 53.
25
Calculate the remainder when 28289 is divided by 23.
22
Calculate the remainder when 899 is divided by 11.
8
What is the remainder when 931 is divided by 927?
4
Calculate the remainder when 530 is divided by 258.
14
Calculate the remainder when 257 is divided by 30.
17
What is the remainder when 484 is divided by 158?
10
What is the remainder when 454 is divided by 13?
12
Calculate the remainder when 68 is divided by 18.
14
What is the remainder when 34 is divided by 21?
13
Calculate the remainder when 4451 is divided by 262.
259
What is the remainder when 139 is divided by 47?
45
What is the remainder when 1363 is divided by 62?
61
What is the remainder when 165 is divided by 25?
15
What is the remainder when 685 is divided by 7?
6
Calculate the remainder when 37 is divided by 21.
16
Calculate the remainder when 157 is divided by 136.
21
What is the remainder when 789 is divided by 66?
63
What is the remainder when 79 is divided by 8?
7
What is the remainder when 280 is divided by 74?
58
Calculate the remainder when 617 is divided by 294.
29
Calculate the remainder when 224 is divided by 93.
38
Calculate the remainder when 943 is divided by 313.
4
Calculate the remainder when 193 is divided by 85.
23
What is the remainder when 688 is divided by 10?
8
What is the remainder when 1328 is divided by 43?
38
Calculate the remainder when 206 is divided by 14.
10
What is the remainder when 124 is divided by 21?
19
Calculate the remainder when 386 is divided by 164.
58
Calculate the remainder when 45 is divided by 31.
14
Calculate the remainder when 4407 is divided by 15.
12
Calculate the remainder when 63 is divided by 62.
1
Calculate the remainder when 441 is divided by 3.
0
What is the remainder when 269 is divided by 10?
9
What is the remainder when 47 is divided by 41?
6
Calculate the remainder when 3194 is divided by 39.
35
Calculate the remainder when 2208 is divided by 85.
83
What is the remainder when 9622 is divided by 24?
22
Calculate the remainder when 207 is divided by 55.
42
What is the remainder when 200 is divided by 9?
2
What is the remainder when 475 is divided by 35?
20
What is the remainder when 1218 is divided by 20?
18
Calculate the remainder when 1052 is divided by 39.
38
Calculate the remainder when 105 is divided by 82.
23
Calculate the remainder when 2691 is divided by 64.
3
Calculate the remainder when 8 is divided by 3.
2
Calculate the remainder when 11659 is divided by 3881.
16
Calculate the remainder when 7993 is divided by 195.
193
What is the remainder when 352 is divided by 28?
16
What is the remainder when 462 is divided by 223?
16
Calculate the remainder when 237 is divided by 15.
12
Calculate the remainder when 614 is divided by 56.
54
What is the remainder when 438 is divided by 18?
6
Calculate the remainder when 2746 is divided by 25.
21
What is the remainder when 368 is divided by 74?
72
What is the remainder when 14402 is divided by 110?
102
What is the remainder when 445 is divided by 19?
8
What is the remainder when 141 is divided by 33?
9
Calculate the remainder when 552 is divided by 93.
87
Calculate the remainder when 199 is divided by 4.
3
Calculate the remainder when 290 is divided by 121.
48
Calculate the remainder when 2860 is divided by 570.
10
Calculate the remainder when 114 is divided by 16.
2
What is the remainder when 712 is divided by 51?
49
What is the remainder when 439 is divided by 74?
69
What is the remainder when 70 is divided by 18?
16
What is the remainder when 573 is divided by 145?
138
Calculate the remainder when 1451 is divided by 33.
32
Calculate the remainder when 111 is divided by 44.
23
What is the remainder when 1006 is divided by 4?
2
What is the remainder when 567 is divided by 43?
8
Calculate the remainder when 249 is divided by 11.
7
Calculate the remainder when 185 is divided by 25.
10
Calculate the remainder when 169 is divided by 29.
24
Calculate the remainder when 429 is divided by 380.
49
Calculate the remainder when 681 is divided by 123.
66
What is the remainder when 928 is divided by 54?
10
Calculate the remainder when 1534 is divided by 43.
29
Calculate the remainder when 7747 is divided by 155.
152
Calculate the remainder when 54 is divided by 36.
18
What is the remainder when 104 is divided by 19?
9
Calculate the remainder when 1261 is divided by 4.
1
What is the remainder when 241 is divided by 27?
25
What is the remainder when 15499 is divided by 20?
19
Calculate the remain